der when 1222 is divided by 106?
56
What is the remainder when 834 is divided by 84?
78
Calculate the remainder when 2203 is divided by 29.
28
Calculate the remainder when 1155 is divided by 77.
0
Calculate the remainder when 156 is divided by 29.
11
Calculate the remainder when 77 is divided by 40.
37
What is the remainder when 592 is divided by 296?
0
What is the remainder when 170 is divided by 36?
26
What is the remainder when 182 is divided by 21?
14
What is the remainder when 126 is divided by 37?
15
What is the remainder when 74 is divided by 24?
2
What is the remainder when 350 is divided by 8?
6
What is the remainder when 1597 is divided by 176?
13
Calculate the remainder when 578 is divided by 189.
11
What is the remainder when 729 is divided by 61?
58
What is the remainder when 716 is divided by 227?
35
Calculate the remainder when 874 is divided by 93.
37
What is the remainder when 3630 is divided by 173?
170
Calculate the remainder when 182 is divided by 17.
12
Calculate the remainder when 111 is divided by 16.
15
Calculate the remainder when 1164 is divided by 17.
8
What is the remainder when 225 is divided by 28?
1
Calculate the remainder when 2981 is divided by 157.
155
What is the remainder when 329 is divided by 22?
21
Calculate the remainder when 13221 is divided by 87.
84
Calculate the remainder when 157 is divided by 54.
49
Calculate the remainder when 7227 is divided by 185.
12
Calculate the remainder when 345 is divided by 27.
21
What is the remainder when 17410 is divided by 15?
10
What is the remainder when 2132 is divided by 710?
2
What is the remainder when 245 is divided by 29?
13
What is the remainder when 520 is divided by 39?
13
What is the remainder when 281 is divided by 57?
53
Calculate the remainder when 228 is divided by 67.
27
Calculate the remainder when 466 is divided by 118.
112
What is the remainder when 86 is divided by 30?
26
Calculate the remainder when 16786 is divided by 163.
160
What is the remainder when 908 is divided by 9?
8
What is the remainder when 534 is divided by 49?
44
Calculate the remainder when 106 is divided by 56.
50
Calculate the remainder when 2818 is divided by 691.
54
What is the remainder when 150 is divided by 70?
10
What is the remainder when 57 is divided by 45?
12
Calculate the remainder when 1488 is divided by 100.
88
What is the remainder when 133 is divided by 29?
17
What is the remainder when 101 is divided by 52?
49
Calculate the remainder when 90 is divided by 63.
27
Calculate the remainder when 123 is divided by 26.
19
Calculate the remainder when 98131 is divided by 139.
136
Calculate the remainder when 622 is divided by 52.
50
What is the remainder when 117 is divided by 10?
7
What is the remainder when 110 is divided by 45?
20
Calculate the remainder when 1745 is divided by 194.
193
What is the remainder when 1072 is divided by 29?
28
Calculate the remainder when 206 is divided by 32.
14
What is the remainder when 208 is divided by 49?
12
What is the remainder when 1320 is divided by 63?
60
Calculate the remainder when 1968 is divided by 86.
76
What is the remainder when 473 is divided by 229?
15
What is the remainder when 15040 is divided by 46?
44
Calculate the remainder when 3455 is divided by 1723.
9
Calculate the remainder when 1457 is divided by 243.
242
Calculate the remainder when 1232 is divided by 103.
99
What is the remainder when 340 is divided by 117?
106
Calculate the remainder when 545 is divided by 15.
5
What is the remainder when 1741 is divided by 1734?
7
Calculate the remainder when 9937 is divided by 51.
43
Calculate the remainder when 541 is divided by 227.
87
What is the remainder when 360 is divided by 356?
4
Calculate the remainder when 503 is divided by 88.
63
What is the remainder when 815 is divided by 20?
15
Calculate the remainder when 99 is divided by 6.
3
What is the remainder when 704 is divided by 102?
92
Calculate the remainder when 1239 is divided by 211.
184
Calculate the remainder when 362 is divided by 324.
38
Calculate the remainder when 851 is divided by 40.
11
Calculate the remainder when 1894 is divided by 35.
4
Calculate the remainder when 269 is divided by 56.
45
Calculate the remainder when 104 is divided by 42.
20
Calculate the remainder when 14407 is divided by 4799.
10
Calculate the remainder when 368 is divided by 126.
116
Calculate the remainder when 87 is divided by 22.
21
What is the remainder when 1821 is divided by 24?
21
What is the remainder when 2418 is divided by 121?
119
Calculate the remainder when 87 is divided by 10.
7
What is the remainder when 1166 is divided by 15?
11
Calculate the remainder when 192 is divided by 147.
45
Calculate the remainder when 840 is divided by 42.
0
Calculate the remainder when 542 is divided by 275.
267
What is the remainder when 61 is divided by 4?
1
Calculate the remainder when 677 is divided by 334.
9
Calculate the remainder when 312 is divided by 66.
48
Calculate the remainder when 96 is divided by 17.
11
What is the remainder when 16 is divided by 4?
0
Calculate the remainder when 70 is divided by 12.
10
What is the remainder when 183 is divided by 31?
28
What is the remainder when 1970 is divided by 74?
46
Calculate the remainder when 372 is divided by 29.
24
What is the remainder when 45 is divided by 8?
5
Calculate the remainder when 248 is divided by 12.
8
What is the remainder when 70 is divided by 9?
7
Calculate the remainder when 137 is divided by 41.
14
Calculate the remainder when 5146 is divided by 1283.
14
Calculate the remainder when 1854 is divided by 26.
8
What is the remainder when 2015 is divided by 28?
27
What is the remainder when 740 is divided by 14?
12
What is the remainder when 113 is divided by 9?
5
Calculate the remainder when 2797 is divided by 4.
1
Calculate the remainder when 231 is divided by 214.
17
What is the remainder when 2812 is divided by 926?
34
What is the remainder when 202 is divided by 23?
18
Calculate the remainder when 3374 is divided by 671.
19
What is the remainder when 563 is divided by 24?
11
What is the remainder when 17 is divided by 13?
4
What is the remainder when 964 is divided by 73?
15
What is the remainder when 1434 is divided by 35?
34
What is the remainder when 919 is divided by 23?
22
Calculate the remainder when 79 is divided by 19.
3
What is the remainder when 258 is divided by 20?
18
Calculate the remainder when 1436 is divided by 76.
68
What is the remainder when 95 is divided by 26?
17
Calculate the remainder when 578 is divided by 303.
275
What is the remainder when 317 is divided by 148?
21
What is the remainder when 733 is divided by 119?
19
What is the remainder when 1301 is divided by 21?
20
Calculate the remainder when 1167 is divided by 24.
15
What is the remainder when 269 is divided by 174?
95
What is the remainder when 279 is divided by 146?
133
What is the remainder when 791 is divided by 38?
31
What is the remainder when 2817 is divided by 122?
11
What is the remainder when 104 is divided by 26?
0
What is the remainder when 274 is divided by 56?
50
What is the remainder when 858 is divided by 43?
41
Calculate the remainder when 1576 is divided by 16.
8
What is the remainder when 486 is divided by 154?
24
Calculate the remainder when 173 is divided by 2.
1
Calculate the remainder when 7181 is divided by 27.
26
Calculate the remainder when 975 is divided by 319.
18
What is the remainder when 14140 is divided by 17?
13
What is the remainder when 83 is divided by 22?
17
What is the remainder when 2238 is divided by 1112?
14
What is the remainder when 90 is divided by 32?
26
What is the remainder when 482 is divided by 7?
6
Calculate the remainder when 4866 is divided by 63.
15
Calculate the remainder when 120 is divided by 20.
0
Calculate the remainder when 334 is divided by 19.
11
Calculate the remainder when 93 is divided by 24.
21
Calculate the remainder when 203 is divided by 92.
19
Calculate the remainder when 26 is divided by 10.
6
Calculate the remainder when 216 is divided by 36.
0
What is the remainder when 318 is divided by 14?
10
What is the remainder when 518 is divided by 42?
14
Calculate the remainder when 2485 is divided by 826.
7
Calculate the remainder when 3 is divided by 3.
0
W